{"id":13,"date":"2024-04-10T13:31:21","date_gmt":"2024-04-10T13:31:21","guid":{"rendered":"https:\/\/laborali.com.br\/?page_id=13"},"modified":"2024-10-16T14:30:53","modified_gmt":"2024-10-16T14:30:53","slug":"convenios","status":"publish","type":"page","link":"https:\/\/laborali.com.br\/index.php\/convenios\/","title":{"rendered":"Conv\u00eanios"},"content":{"rendered":"\t\t<div data-elementor-type=\"wp-page\" data-elementor-id=\"13\" class=\"elementor elementor-13\" data-elementor-post-type=\"page\">\n\t\t\t\t<div class=\"elementor-element elementor-element-ce8407c e-flex e-con-boxed e-con e-parent\" data-id=\"ce8407c\" data-element_type=\"container\" data-settings=\"{&quot;background_background&quot;:&quot;classic&quot;}\">\n\t\t\t\t\t<div class=\"e-con-inner\">\n\t\t<div class=\"elementor-element elementor-element-0bb0fd2 e-con-full e-flex e-con e-child\" data-id=\"0bb0fd2\" data-element_type=\"container\">\n\t\t\t\t<div class=\"elementor-element elementor-element-9d13e41 elementor-widget elementor-widget-text-editor\" data-id=\"9d13e41\" data-element_type=\"widget\" data-widget_type=\"text-editor.default\">\n\t\t\t\t<div class=\"elementor-widget-container\">\n\t\t\t\t\t\t\t<p>PARCERIAS<\/p>\t\t\t\t\t\t<\/div>\n\t\t\t\t<\/div>\n\t\t\t\t<div class=\"elementor-element elementor-element-74c854e elementor-widget elementor-widget-heading\" data-id=\"74c854e\" data-element_type=\"widget\" data-widget_type=\"heading.default\">\n\t\t\t\t<div class=\"elementor-widget-container\">\n\t\t\t<h2 class=\"elementor-heading-title elementor-size-default\">Conv\u00eanios e parceiros<\/h2>\t\t<\/div>\n\t\t\t\t<\/div>\n\t\t\t\t<div class=\"elementor-element elementor-element-2b7e2f8 elementor-widget elementor-widget-text-editor\" data-id=\"2b7e2f8\" data-element_type=\"widget\" data-widget_type=\"text-editor.default\">\n\t\t\t\t<div class=\"elementor-widget-container\">\n\t\t\t\t\t\t\t<p>Somos parceiros de empresas e institui\u00e7\u00f5es de Videira e regi\u00e3o que nos permitem atender as pessoas com funcionalidade e melhor custo atrav\u00e9s dos planos de sa\u00fade. Aproveite as vantagens que s\u00f3 o Laborali oferece com nossos parceiros.<\/p>\t\t\t\t\t\t<\/div>\n\t\t\t\t<\/div>\n\t\t\t\t<\/div>\n\t\t<div class=\"elementor-element elementor-element-ade8d7e e-con-full e-flex e-con e-child\" data-id=\"ade8d7e\" data-element_type=\"container\">\n\t\t<div class=\"elementor-element elementor-element-2dc3895 e-con-full e-flex e-con e-child\" data-id=\"2dc3895\" data-element_type=\"container\">\n\t\t\t\t<div class=\"elementor-element elementor-element-5ffd75b elementor-widget elementor-widget-image\" data-id=\"5ffd75b\" data-element_type=\"widget\" data-widget_type=\"image.default\">\n\t\t\t\t<div class=\"elementor-widget-container\">\n\t\t\t\t\t\t\t\t\t\t\t\t\t<img fetchpriority=\"high\" decoding=\"async\" width=\"375\" height=\"152\" src=\"https:\/\/laborali.com.br\/wp-content\/uploads\/2024\/04\/sc_saude.webp\" class=\"attachment-large size-large wp-image-324\" alt=\"\" srcset=\"https:\/\/laborali.com.br\/wp-content\/uploads\/2024\/04\/sc_saude.webp 375w, https:\/\/laborali.com.br\/wp-content\/uploads\/2024\/04\/sc_saude-300x122.webp 300w\" sizes=\"(max-width: 375px) 100vw, 375px\" \/>\t\t\t\t\t\t\t\t\t\t\t\t\t<\/div>\n\t\t\t\t<\/div>\n\t\t\t\t<div class=\"elementor-element elementor-element-4875ca7 elementor-widget elementor-widget-image\" data-id=\"4875ca7\" data-element_type=\"widget\" data-widget_type=\"image.default\">\n\t\t\t\t<div class=\"elementor-widget-container\">\n\t\t\t\t\t\t\t\t\t\t\t\t\t<img decoding=\"async\" width=\"375\" height=\"153\" src=\"https:\/\/laborali.com.br\/wp-content\/uploads\/2024\/04\/pladisa.webp\" class=\"attachment-large size-large wp-image-319\" alt=\"\" srcset=\"https:\/\/laborali.com.br\/wp-content\/uploads\/2024\/04\/pladisa.webp 375w, https:\/\/laborali.com.br\/wp-content\/uploads\/2024\/04\/pladisa-300x122.webp 300w\" sizes=\"(max-width: 375px) 100vw, 375px\" \/>\t\t\t\t\t\t\t\t\t\t\t\t\t<\/div>\n\t\t\t\t<\/div>\n\t\t\t\t<\/div>\n\t\t<div class=\"elementor-element elementor-element-52ed2e8 e-con-full e-flex e-con e-child\" data-id=\"52ed2e8\" data-element_type=\"container\">\n\t\t\t\t<div class=\"elementor-element elementor-element-7276b0d elementor-widget elementor-widget-image\" data-id=\"7276b0d\" data-element_type=\"widget\" data-widget_type=\"image.default\">\n\t\t\t\t<div class=\"elementor-widget-container\">\n\t\t\t\t\t\t\t\t\t\t\t\t\t<img decoding=\"async\" width=\"375\" height=\"153\" src=\"https:\/\/laborali.com.br\/wp-content\/uploads\/2024\/04\/aproest.webp\" class=\"attachment-large size-large wp-image-320\" alt=\"\" srcset=\"https:\/\/laborali.com.br\/wp-content\/uploads\/2024\/04\/aproest.webp 375w, https:\/\/laborali.com.br\/wp-content\/uploads\/2024\/04\/aproest-300x122.webp 300w\" sizes=\"(max-width: 375px) 100vw, 375px\" \/>\t\t\t\t\t\t\t\t\t\t\t\t\t<\/div>\n\t\t\t\t<\/div>\n\t\t\t\t<div class=\"elementor-element elementor-element-9179596 elementor-widget elementor-widget-image\" data-id=\"9179596\" data-element_type=\"widget\" data-widget_type=\"image.default\">\n\t\t\t\t<div class=\"elementor-widget-container\">\n\t\t\t\t\t\t\t\t\t\t\t\t\t<img loading=\"lazy\" decoding=\"async\" width=\"376\" height=\"152\" src=\"https:\/\/laborali.com.br\/wp-content\/uploads\/2024\/04\/aciavsaude.webp\" class=\"attachment-large size-large wp-image-325\" alt=\"\" srcset=\"https:\/\/laborali.com.br\/wp-content\/uploads\/2024\/04\/aciavsaude.webp 376w, https:\/\/laborali.com.br\/wp-content\/uploads\/2024\/04\/aciavsaude-300x121.webp 300w\" sizes=\"(max-width: 376px) 100vw, 376px\" \/>\t\t\t\t\t\t\t\t\t\t\t\t\t<\/div>\n\t\t\t\t<\/div>\n\t\t\t\t<\/div>\n\t\t<div class=\"elementor-element elementor-element-43fd794 e-con-full e-flex e-con e-child\" data-id=\"43fd794\" data-element_type=\"container\">\n\t\t\t\t<div class=\"elementor-element elementor-element-fd658c5 elementor-widget elementor-widget-image\" data-id=\"fd658c5\" data-element_type=\"widget\" data-widget_type=\"image.default\">\n\t\t\t\t<div class=\"elementor-widget-container\">\n\t\t\t\t\t\t\t\t\t\t\t\t\t<img loading=\"lazy\" decoding=\"async\" width=\"375\" height=\"153\" src=\"https:\/\/laborali.com.br\/wp-content\/uploads\/2024\/04\/videplast.webp\" class=\"attachment-large size-large wp-image-321\" alt=\"\" srcset=\"https:\/\/laborali.com.br\/wp-content\/uploads\/2024\/04\/videplast.webp 375w, https:\/\/laborali.com.br\/wp-content\/uploads\/2024\/04\/videplast-300x122.webp 300w\" sizes=\"(max-width: 375px) 100vw, 375px\" \/>\t\t\t\t\t\t\t\t\t\t\t\t\t<\/div>\n\t\t\t\t<\/div>\n\t\t\t\t<div class=\"elementor-element elementor-element-d71964d elementor-widget elementor-widget-image\" data-id=\"d71964d\" data-element_type=\"widget\" data-widget_type=\"image.default\">\n\t\t\t\t<div class=\"elementor-widget-container\">\n\t\t\t\t\t\t\t\t\t\t\t\t\t<img loading=\"lazy\" decoding=\"async\" width=\"375\" height=\"152\" src=\"https:\/\/laborali.com.br\/wp-content\/uploads\/2024\/04\/brf.webp\" class=\"attachment-large size-large wp-image-326\" alt=\"\" srcset=\"https:\/\/laborali.com.br\/wp-content\/uploads\/2024\/04\/brf.webp 375w, https:\/\/laborali.com.br\/wp-content\/uploads\/2024\/04\/brf-300x122.webp 300w\" sizes=\"(max-width: 375px) 100vw, 375px\" \/>\t\t\t\t\t\t\t\t\t\t\t\t\t<\/div>\n\t\t\t\t<\/div>\n\t\t\t\t<\/div>\n\t\t<div class=\"elementor-element elementor-element-8369fb5 e-con-full e-flex e-con e-child\" data-id=\"8369fb5\" data-element_type=\"container\">\n\t\t\t\t<div class=\"elementor-element elementor-element-2d1f64f elementor-widget elementor-widget-image\" data-id=\"2d1f64f\" data-element_type=\"widget\" data-widget_type=\"image.default\">\n\t\t\t\t<div class=\"elementor-widget-container\">\n\t\t\t\t\t\t\t\t\t\t\t\t\t<img loading=\"lazy\" decoding=\"async\" width=\"376\" height=\"153\" src=\"https:\/\/laborali.com.br\/wp-content\/uploads\/2024\/04\/caasc.webp\" class=\"attachment-large size-large wp-image-322\" alt=\"\" srcset=\"https:\/\/laborali.com.br\/wp-content\/uploads\/2024\/04\/caasc.webp 376w, https:\/\/laborali.com.br\/wp-content\/uploads\/2024\/04\/caasc-300x122.webp 300w\" sizes=\"(max-width: 376px) 100vw, 376px\" \/>\t\t\t\t\t\t\t\t\t\t\t\t\t<\/div>\n\t\t\t\t<\/div>\n\t\t\t\t<div class=\"elementor-element elementor-element-6ce5d78 elementor-widget elementor-widget-image\" data-id=\"6ce5d78\" data-element_type=\"widget\" data-widget_type=\"image.default\">\n\t\t\t\t<div class=\"elementor-widget-container\">\n\t\t\t\t\t\t\t\t\t\t\t\t\t<img loading=\"lazy\" decoding=\"async\" width=\"375\" height=\"152\" src=\"https:\/\/laborali.com.br\/wp-content\/uploads\/2024\/04\/club.webp\" class=\"attachment-large size-large wp-image-327\" alt=\"\" srcset=\"https:\/\/laborali.com.br\/wp-content\/uploads\/2024\/04\/club.webp 375w, https:\/\/laborali.com.br\/wp-content\/uploads\/2024\/04\/club-300x122.webp 300w\" sizes=\"(max-width: 375px) 100vw, 375px\" \/>\t\t\t\t\t\t\t\t\t\t\t\t\t<\/div>\n\t\t\t\t<\/div>\n\t\t\t\t<\/div>\n\t\t<div class=\"elementor-element elementor-element-ff0b037 e-con-full e-flex e-con e-child\" data-id=\"ff0b037\" data-element_type=\"container\">\n\t\t\t\t<div class=\"elementor-element elementor-element-c9f1feb elementor-widget elementor-widget-image\" data-id=\"c9f1feb\" data-element_type=\"widget\" data-widget_type=\"image.default\">\n\t\t\t\t<div class=\"elementor-widget-container\">\n\t\t\t\t\t\t\t\t\t\t\t\t\t<img loading=\"lazy\" decoding=\"async\" width=\"375\" height=\"153\" src=\"https:\/\/laborali.com.br\/wp-content\/uploads\/2024\/04\/videira_e_iamere.webp\" class=\"attachment-large size-large wp-image-323\" alt=\"\" srcset=\"https:\/\/laborali.com.br\/wp-content\/uploads\/2024\/04\/videira_e_iamere.webp 375w, https:\/\/laborali.com.br\/wp-content\/uploads\/2024\/04\/videira_e_iamere-300x122.webp 300w\" sizes=\"(max-width: 375px) 100vw, 375px\" \/>\t\t\t\t\t\t\t\t\t\t\t\t\t<\/div>\n\t\t\t\t<\/div>\n\t\t\t\t<div class=\"elementor-element elementor-element-f085cb8 elementor-widget elementor-widget-image\" data-id=\"f085cb8\" data-element_type=\"widget\" data-widget_type=\"image.default\">\n\t\t\t\t<div class=\"elementor-widget-container\">\n\t\t\t\t\t\t\t\t\t\t\t\t\t<img loading=\"lazy\" decoding=\"async\" width=\"375\" height=\"152\" src=\"https:\/\/laborali.com.br\/wp-content\/uploads\/2024\/04\/sintramuvi.webp\" class=\"attachment-large size-large wp-image-318\" alt=\"\" srcset=\"https:\/\/laborali.com.br\/wp-content\/uploads\/2024\/04\/sintramuvi.webp 375w, https:\/\/laborali.com.br\/wp-content\/uploads\/2024\/04\/sintramuvi-300x122.webp 300w\" sizes=\"(max-width: 375px) 100vw, 375px\" \/>\t\t\t\t\t\t\t\t\t\t\t\t\t<\/div>\n\t\t\t\t<\/div>\n\t\t\t\t<\/div>\n\t\t\t\t<\/div>\n\t\t\t\t\t<\/div>\n\t\t\t\t<\/div>\n\t\t<div class=\"elementor-element elementor-element-870aa36 e-flex e-con-boxed e-con e-parent\" data-id=\"870aa36\" data-element_type=\"container\">\n\t\t\t\t\t<div class=\"e-con-inner\">\n\t\t<div class=\"elementor-element elementor-element-fb151b7 e-con-full e-flex e-con e-child\" data-id=\"fb151b7\" data-element_type=\"container\">\n\t\t\t\t<div class=\"elementor-element elementor-element-8a6007e elementor-widget elementor-widget-image\" data-id=\"8a6007e\" data-element_type=\"widget\" data-widget_type=\"image.default\">\n\t\t\t\t<div class=\"elementor-widget-container\">\n\t\t\t\t\t\t\t\t\t\t\t\t\t<img loading=\"lazy\" decoding=\"async\" width=\"980\" height=\"648\" src=\"https:\/\/laborali.com.br\/wp-content\/uploads\/2024\/04\/Diferencial.webp\" class=\"attachment-large size-large wp-image-356\" alt=\"\" srcset=\"https:\/\/laborali.com.br\/wp-content\/uploads\/2024\/04\/Diferencial.webp 980w, https:\/\/laborali.com.br\/wp-content\/uploads\/2024\/04\/Diferencial-300x198.webp 300w, https:\/\/laborali.com.br\/wp-content\/uploads\/2024\/04\/Diferencial-768x508.webp 768w, https:\/\/laborali.com.br\/wp-content\/uploads\/2024\/04\/Diferencial-650x430.webp 650w\" sizes=\"(max-width: 980px) 100vw, 980px\" \/>\t\t\t\t\t\t\t\t\t\t\t\t\t<\/div>\n\t\t\t\t<\/div>\n\t\t\t\t<div class=\"elementor-element elementor-element-55508c4 elementor-absolute elementor-widget elementor-widget-image\" data-id=\"55508c4\" data-element_type=\"widget\" data-settings=\"{&quot;_position&quot;:&quot;absolute&quot;}\" data-widget_type=\"image.default\">\n\t\t\t\t<div class=\"elementor-widget-container\">\n\t\t\t\t\t\t\t\t\t\t\t\t\t<img loading=\"lazy\" decoding=\"async\" width=\"445\" height=\"429\" src=\"https:\/\/laborali.com.br\/wp-content\/uploads\/2024\/04\/Marcote.png\" class=\"attachment-large size-large wp-image-357\" alt=\"\" srcset=\"https:\/\/laborali.com.br\/wp-content\/uploads\/2024\/04\/Marcote.png 445w, https:\/\/laborali.com.br\/wp-content\/uploads\/2024\/04\/Marcote-300x289.png 300w\" sizes=\"(max-width: 445px) 100vw, 445px\" \/>\t\t\t\t\t\t\t\t\t\t\t\t\t<\/div>\n\t\t\t\t<\/div>\n\t\t\t\t<div class=\"elementor-element elementor-element-fd57d64 elementor-widget-mobile__width-inherit elementor-absolute elementor-widget elementor-widget-image\" data-id=\"fd57d64\" data-element_type=\"widget\" data-settings=\"{&quot;_position&quot;:&quot;absolute&quot;}\" data-widget_type=\"image.default\">\n\t\t\t\t<div class=\"elementor-widget-container\">\n\t\t\t\t\t\t\t\t\t\t\t\t\t<img loading=\"lazy\" decoding=\"async\" width=\"1000\" height=\"1000\" src=\"https:\/\/laborali.com.br\/wp-content\/uploads\/2024\/04\/float-simbolo-do-logo-01.svg\" class=\"attachment-large size-large wp-image-105\" alt=\"\" srcset=\"https:\/\/laborali.com.br\/wp-content\/uploads\/\/2024\/04\/float-simbolo-do-logo-01.svg 150w, https:\/\/laborali.com.br\/wp-content\/uploads\/\/2024\/04\/float-simbolo-do-logo-01.svg 300w, https:\/\/laborali.com.br\/wp-content\/uploads\/\/2024\/04\/float-simbolo-do-logo-01.svg 1024w\" sizes=\"(max-width: 1000px) 100vw, 1000px\" \/>\t\t\t\t\t\t\t\t\t\t\t\t\t<\/div>\n\t\t\t\t<\/div>\n\t\t\t\t<\/div>\n\t\t<div class=\"elementor-element elementor-element-5fee78a e-con-full e-flex e-con e-child\" data-id=\"5fee78a\" data-element_type=\"container\">\n\t\t\t\t<div class=\"elementor-element elementor-element-0adda4e elementor-widget elementor-widget-text-editor\" data-id=\"0adda4e\" data-element_type=\"widget\" data-widget_type=\"text-editor.default\">\n\t\t\t\t<div class=\"elementor-widget-container\">\n\t\t\t\t\t\t\t<p>NOSSO DIFERENCIAL<\/p>\t\t\t\t\t\t<\/div>\n\t\t\t\t<\/div>\n\t\t\t\t<div class=\"elementor-element elementor-element-c7e80b2 elementor-widget elementor-widget-heading\" data-id=\"c7e80b2\" data-element_type=\"widget\" data-widget_type=\"heading.default\">\n\t\t\t\t<div class=\"elementor-widget-container\">\n\t\t\t<h2 class=\"elementor-heading-title elementor-size-default\">Compromisso com a qualidade<\/h2>\t\t<\/div>\n\t\t\t\t<\/div>\n\t\t\t\t<div class=\"elementor-element elementor-element-b22080f elementor-widget elementor-widget-text-editor\" data-id=\"b22080f\" data-element_type=\"widget\" data-widget_type=\"text-editor.default\">\n\t\t\t\t<div class=\"elementor-widget-container\">\n\t\t\t\t\t\t\t<p>O Laborat\u00f3rio Laborali tem a honra de alcan\u00e7ar a classifica\u00e7\u00e3o de desempenho &#8220;Excelente&#8221; no Programa Nacional de Controle de Qualidade (PNCQ), uma iniciativa apoiada pela Sociedade Brasileira de An\u00e1lises Cl\u00ednicas (SBAC). Este reconhecimento atesta nosso compromisso inabal\u00e1vel com a excel\u00eancia e a precis\u00e3o em todos os nossos servi\u00e7os laboratoriais.<\/p>\t\t\t\t\t\t<\/div>\n\t\t\t\t<\/div>\n\t\t\t\t<div class=\"elementor-element elementor-element-ab5bd1b elementor-mobile-align-justify elementor-widget elementor-widget-bdt-advanced-button\" data-id=\"ab5bd1b\" data-element_type=\"widget\" data-widget_type=\"bdt-advanced-button.default\">\n\t\t\t\t<div class=\"elementor-widget-container\">\n\t\t\t\t\t<div class=\"bdt-ep-button-wrapper\">\n\t\t\t<a href=\"https:\/\/wa.me\/5549999355445\" class=\"bdt-ep-button bdt-ep-button-effect-a bdt-ep-button-size-md\">\n\t\t\t\t\t\t<div class=\"bdt-ep-button-content-wrapper bdt-flex bdt-flex-middle bdt-flex-center  \" data-text=\"Agende seus exames\">\n\t\t\t\t\t\t\t<div class=\"bdt-ep-button-icon bdt-flex-center bdt-flex-align-right\">\n\t\t\t\t\t<div class=\"bdt-ep-button-icon-inner\">\n\n\t\t\t\t\t\t<svg aria-hidden=\"true\" class=\"fa-fw e-font-icon-svg e-fab-whatsapp\" viewBox=\"0 0 448 512\" xmlns=\"http:\/\/www.w3.org\/2000\/svg\"><path d=\"M380.9 97.1C339 55.1 283.2 32 223.9 32c-122.4 0-222 99.6-222 222 0 39.1 10.2 77.3 29.6 111L0 480l117.7-30.9c32.4 17.7 68.9 27 106.1 27h.1c122.3 0 224.1-99.6 224.1-222 0-59.3-25.2-115-67.1-157zm-157 341.6c-33.2 0-65.7-8.9-94-25.7l-6.7-4-69.8 18.3L72 359.2l-4.4-7c-18.5-29.4-28.2-63.3-28.2-98.2 0-101.7 82.8-184.5 184.6-184.5 49.3 0 95.6 19.2 130.4 54.1 34.8 34.9 56.2 81.2 56.1 130.5 0 101.8-84.9 184.6-186.6 184.6zm101.2-138.2c-5.5-2.8-32.8-16.2-37.9-18-5.1-1.9-8.8-2.8-12.5 2.8-3.7 5.6-14.3 18-17.6 21.8-3.2 3.7-6.5 4.2-12 1.4-32.6-16.3-54-29.1-75.5-66-5.7-9.8 5.7-9.1 16.3-30.3 1.8-3.7.9-6.9-.5-9.7-1.4-2.8-12.5-30.1-17.1-41.2-4.5-10.8-9.1-9.3-12.5-9.5-3.2-.2-6.9-.2-10.6-.2-3.7 0-9.7 1.4-14.8 6.9-5.1 5.6-19.4 19-19.4 46.3 0 27.3 19.9 53.7 22.6 57.4 2.8 3.7 39.1 59.7 94.8 83.8 35.2 15.2 49 16.5 66.6 13.9 10.7-1.6 32.8-13.4 37.4-26.4 4.6-13 4.6-24.1 3.2-26.4-1.3-2.5-5-3.9-10.5-6.6z\"><\/path><\/svg>\n\t\t\t\t\t<\/div>\n\t\t\t\t<\/div>\n\t\t\t\n\t\t\t<div class=\"bdt-ep-button-text\">\n\n\t\t\t\t<span class=\"avdbtn-text\">\n\t\t\t\t\tAgende seus exames\t\t\t\t<\/span>\n\n\t\t\t\t\t\t\t<\/div>\n\n\t\t\t\n\t\t<\/div>\n\t\t\t\t\t<\/a>\n\t\t<\/div>\n\t\t\t\t<\/div>\n\t\t\t\t<\/div>\n\t\t\t\t<\/div>\n\t\t<div class=\"elementor-element elementor-element-fbe03bc e-con-full e-flex e-con e-child\" data-id=\"fbe03bc\" data-element_type=\"container\" data-settings=\"{&quot;background_background&quot;:&quot;classic&quot;}\">\n\t\t\t\t<div class=\"elementor-element elementor-element-dfd9051 elementor-widget elementor-widget-image\" data-id=\"dfd9051\" data-element_type=\"widget\" data-widget_type=\"image.default\">\n\t\t\t\t<div class=\"elementor-widget-container\">\n\t\t\t\t\t\t\t\t\t\t\t\t\t<img loading=\"lazy\" decoding=\"async\" width=\"351\" height=\"148\" src=\"https:\/\/laborali.com.br\/wp-content\/uploads\/2024\/04\/pncq.webp\" class=\"attachment-large size-large wp-image-443\" alt=\"\" srcset=\"https:\/\/laborali.com.br\/wp-content\/uploads\/2024\/04\/pncq.webp 351w, https:\/\/laborali.com.br\/wp-content\/uploads\/2024\/04\/pncq-300x126.webp 300w\" sizes=\"(max-width: 351px) 100vw, 351px\" \/>\t\t\t\t\t\t\t\t\t\t\t\t\t<\/div>\n\t\t\t\t<\/div>\n\t\t\t\t<div class=\"elementor-element elementor-element-95b4916 elementor-widget elementor-widget-text-editor\" data-id=\"95b4916\" data-element_type=\"widget\" data-widget_type=\"text-editor.default\">\n\t\t\t\t<div class=\"elementor-widget-container\">\n\t\t\t\t\t\t\t<p>Certificado PNCQ, garantindo a qualidade e precis\u00e3o dos nossos servi\u00e7os para o diagn\u00f3stico e acompanhamento da sa\u00fade dos pacientes.<\/p>\t\t\t\t\t\t<\/div>\n\t\t\t\t<\/div>\n\t\t\t\t<\/div>\n\t\t<div class=\"elementor-element elementor-element-6d27024 e-con-full e-flex e-con e-child\" data-id=\"6d27024\" data-element_type=\"container\" data-settings=\"{&quot;background_background&quot;:&quot;classic&quot;}\">\n\t\t\t\t<div class=\"elementor-element elementor-element-dc55de4 elementor-widget elementor-widget-image\" data-id=\"dc55de4\" data-element_type=\"widget\" data-widget_type=\"image.default\">\n\t\t\t\t<div class=\"elementor-widget-container\">\n\t\t\t\t\t\t\t\t\t\t\t\t\t<img loading=\"lazy\" decoding=\"async\" width=\"388\" height=\"148\" src=\"https:\/\/laborali.com.br\/wp-content\/uploads\/2024\/04\/sbac.webp\" class=\"attachment-large size-large wp-image-444\" alt=\"\" srcset=\"https:\/\/laborali.com.br\/wp-content\/uploads\/2024\/04\/sbac.webp 388w, https:\/\/laborali.com.br\/wp-content\/uploads\/2024\/04\/sbac-300x114.webp 300w\" sizes=\"(max-width: 388px) 100vw, 388px\" \/>\t\t\t\t\t\t\t\t\t\t\t\t\t<\/div>\n\t\t\t\t<\/div>\n\t\t\t\t<div class=\"elementor-element elementor-element-33aa9f0 elementor-widget elementor-widget-text-editor\" data-id=\"33aa9f0\" data-element_type=\"widget\" data-widget_type=\"text-editor.default\">\n\t\t\t\t<div class=\"elementor-widget-container\">\n\t\t\t\t\t\t\t<p>A associa\u00e7\u00e3o com a SBAC, uma entidade reconhecida e respeitada na \u00e1rea da sa\u00fade, apenas refor\u00e7a a seriedade e o comprometimento do PNCQ com as melhores pr\u00e1ticas em an\u00e1lises cl\u00ednicas.<\/p>\t\t\t\t\t\t<\/div>\n\t\t\t\t<\/div>\n\t\t\t\t<\/div>\n\t\t\t\t\t<\/div>\n\t\t\t\t<\/div>\n\t\t\t\t<\/div>\n\t\t","protected":false},"excerpt":{"rendered":"<p>PARCERIAS Conv\u00eanios e parceiros Somos parceiros de empresas e institui\u00e7\u00f5es de Videira e regi\u00e3o que nos permitem atender as pessoas com funcionalidade [&hellip;]<\/p>\n","protected":false},"author":1,"featured_media":0,"parent":0,"menu_order":0,"comment_status":"closed","ping_status":"closed","template":"","meta":{"footnotes":""},"class_list":["post-13","page","type-page","status-publish","hentry"],"_links":{"self":[{"href":"https:\/\/laborali.com.br\/index.php\/wp-json\/wp\/v2\/pages\/13","targetHints":{"allow":["GET"]}}],"collection":[{"href":"https:\/\/laborali.com.br\/index.php\/wp-json\/wp\/v2\/pages"}],"about":[{"href":"https:\/\/laborali.com.br\/index.php\/wp-json\/wp\/v2\/types\/page"}],"author":[{"embeddable":true,"href":"https:\/\/laborali.com.br\/index.php\/wp-json\/wp\/v2\/users\/1"}],"replies":[{"embeddable":true,"href":"https:\/\/laborali.com.br\/index.php\/wp-json\/wp\/v2\/comments?post=13"}],"version-history":[{"count":7,"href":"https:\/\/laborali.com.br\/index.php\/wp-json\/wp\/v2\/pages\/13\/revisions"}],"predecessor-version":[{"id":1090,"href":"https:\/\/laborali.com.br\/index.php\/wp-json\/wp\/v2\/pages\/13\/revisions\/1090"}],"wp:attachment":[{"href":"https:\/\/laborali.com.br\/index.php\/wp-json\/wp\/v2\/media?parent=13"}],"curies":[{"name":"wp","href":"https:\/\/api.w.org\/{rel}","templated":true}]}}