{"id":837,"date":"2024-06-15T15:49:03","date_gmt":"2024-06-15T15:49:03","guid":{"rendered":"https:\/\/laborali.com.br\/?page_id=837"},"modified":"2024-06-15T21:26:07","modified_gmt":"2024-06-15T21:26:07","slug":"exames","status":"publish","type":"page","link":"https:\/\/laborali.com.br\/index.php\/exames\/","title":{"rendered":"Exames"},"content":{"rendered":"\t\t<div data-elementor-type=\"wp-page\" data-elementor-id=\"837\" class=\"elementor elementor-837\" data-elementor-post-type=\"page\">\n\t\t\t\t<div class=\"elementor-element elementor-element-1b2c463 e-flex e-con-boxed e-con e-parent\" data-id=\"1b2c463\" data-element_type=\"container\" data-settings=\"{&quot;background_background&quot;:&quot;classic&quot;}\">\n\t\t\t\t\t<div class=\"e-con-inner\">\n\t\t\t\t<div class=\"elementor-element elementor-element-4d8122a elementor-absolute elementor-widget elementor-widget-image\" data-id=\"4d8122a\" data-element_type=\"widget\" data-settings=\"{&quot;_position&quot;:&quot;absolute&quot;}\" data-widget_type=\"image.default\">\n\t\t\t\t<div class=\"elementor-widget-container\">\n\t\t\t\t\t\t\t\t\t\t\t\t\t<img fetchpriority=\"high\" decoding=\"async\" width=\"1000\" height=\"1000\" src=\"https:\/\/laborali.com.br\/wp-content\/uploads\/2024\/04\/particulas.svg\" class=\"attachment-large size-large wp-image-480\" alt=\"\" srcset=\"https:\/\/laborali.com.br\/wp-content\/uploads\/\/2024\/04\/particulas.svg 150w, https:\/\/laborali.com.br\/wp-content\/uploads\/\/2024\/04\/particulas.svg 300w, https:\/\/laborali.com.br\/wp-content\/uploads\/\/2024\/04\/particulas.svg 1024w\" sizes=\"(max-width: 1000px) 100vw, 1000px\" \/>\t\t\t\t\t\t\t\t\t\t\t\t\t<\/div>\n\t\t\t\t<\/div>\n\t\t\t\t<div class=\"elementor-element elementor-element-1075e48 elementor-absolute elementor-widget elementor-widget-image\" data-id=\"1075e48\" data-element_type=\"widget\" data-settings=\"{&quot;_position&quot;:&quot;absolute&quot;}\" data-widget_type=\"image.default\">\n\t\t\t\t<div class=\"elementor-widget-container\">\n\t\t\t\t\t\t\t\t\t\t\t\t\t<img decoding=\"async\" width=\"1000\" height=\"1000\" src=\"https:\/\/laborali.com.br\/wp-content\/uploads\/2024\/04\/Particula-02.svg\" class=\"attachment-large size-large wp-image-481\" alt=\"\" srcset=\"https:\/\/laborali.com.br\/wp-content\/uploads\/\/2024\/04\/Particula-02.svg 150w, https:\/\/laborali.com.br\/wp-content\/uploads\/\/2024\/04\/Particula-02.svg 300w, https:\/\/laborali.com.br\/wp-content\/uploads\/\/2024\/04\/Particula-02.svg 1024w\" sizes=\"(max-width: 1000px) 100vw, 1000px\" \/>\t\t\t\t\t\t\t\t\t\t\t\t\t<\/div>\n\t\t\t\t<\/div>\n\t\t<div class=\"elementor-element elementor-element-492cca2 e-con-full e-flex elementor-invisible e-con e-child\" data-id=\"492cca2\" data-element_type=\"container\" data-settings=\"{&quot;animation&quot;:&quot;fadeInUp&quot;}\">\n\t\t\t\t<div class=\"elementor-element elementor-element-7b87144 elementor-widget elementor-widget-heading\" data-id=\"7b87144\" data-element_type=\"widget\" data-widget_type=\"heading.default\">\n\t\t\t\t<div class=\"elementor-widget-container\">\n\t\t\t<h2 class=\"elementor-heading-title elementor-size-default\">Alguns dos nossos<BR> <STRONG>testes e exames<\/strong><\/h2>\t\t<\/div>\n\t\t\t\t<\/div>\n\t\t\t\t<\/div>\n\t\t<div class=\"elementor-element elementor-element-5325d8c e-con-full e-flex elementor-invisible e-con e-child\" data-id=\"5325d8c\" data-element_type=\"container\" data-settings=\"{&quot;animation&quot;:&quot;fadeInUp&quot;}\">\n\t\t\t\t<div class=\"elementor-element elementor-element-78039aa elementor-widget elementor-widget-text-editor\" data-id=\"78039aa\" data-element_type=\"widget\" data-widget_type=\"text-editor.default\">\n\t\t\t\t<div class=\"elementor-widget-container\">\n\t\t\t\t\t\t\t<p>Oferecemos uma ampla gama de exames cl\u00ednicos de alta qualidade para atender \u00e0s necessidades de diagn\u00f3stico de nossos pacientes.<\/p>\t\t\t\t\t\t<\/div>\n\t\t\t\t<\/div>\n\t\t\t\t<\/div>\n\t\t<div class=\"elementor-element elementor-element-5b1702e e-con-full e-flex elementor-invisible e-con e-child\" data-id=\"5b1702e\" data-element_type=\"container\" data-settings=\"{&quot;animation&quot;:&quot;fadeInUp&quot;}\">\n\t\t\t\t<div class=\"elementor-element elementor-element-e14a498 bdt-navigation-type-both bdt-item-match-height--yes bdt-carousel-style-carousel elementor-widget elementor-widget-bdt-static-carousel\" data-id=\"e14a498\" data-element_type=\"widget\" data-widget_type=\"bdt-static-carousel.default\">\n\t\t\t\t<div class=\"elementor-widget-container\">\n\t\t\t        <div id=\"bdt-static-carousel-e14a498\" class=\"bdt-arrows-dots-align-center bdt-static-carousel\" data-settings=\"{&quot;autoplay&quot;:{&quot;delay&quot;:5000},&quot;loop&quot;:true,&quot;speed&quot;:500,&quot;slidesPerView&quot;:1,&quot;slidesPerGroup&quot;:1,&quot;spaceBetween&quot;:24,&quot;effect&quot;:&quot;carousel&quot;,&quot;breakpoints&quot;:{&quot;767&quot;:{&quot;slidesPerView&quot;:2,&quot;spaceBetween&quot;:24,&quot;slidesPerGroup&quot;:1},&quot;1023&quot;:{&quot;slidesPerView&quot;:3,&quot;spaceBetween&quot;:24,&quot;slidesPerGroup&quot;:1}},&quot;navigation&quot;:{&quot;nextEl&quot;:&quot;#bdt-static-carousel-e14a498 .bdt-navigation-next&quot;,&quot;prevEl&quot;:&quot;#bdt-static-carousel-e14a498 .bdt-navigation-prev&quot;},&quot;pagination&quot;:{&quot;el&quot;:&quot;#bdt-static-carousel-e14a498 .swiper-pagination&quot;,&quot;type&quot;:&quot;bullets&quot;,&quot;clickable&quot;:&quot;true&quot;,&quot;dynamicBullets&quot;:false},&quot;scrollbar&quot;:{&quot;el&quot;:&quot;#bdt-static-carousel-e14a498 .swiper-scrollbar&quot;,&quot;hide&quot;:&quot;true&quot;},&quot;coverflowEffect&quot;:{&quot;rotate&quot;:50,&quot;stretch&quot;:0,&quot;depth&quot;:100,&quot;modifier&quot;:1,&quot;slideShadows&quot;:true},&quot;watchSlidesProgress&quot;:true}\">\n            <div class=\"swiper-carousel swiper\">\n                <div class=\"swiper-wrapper\">\n                    \n                    <div class=\"bdt-ep-static-carousel-item swiper-slide\">\n                        <div class=\"bdt-ep-static-carousel-image\">\n\n            <img decoding=\"async\" width=\"1279\" height=\"853\" src=\"https:\/\/laborali.com.br\/wp-content\/uploads\/2024\/04\/image-10.jpg\" class=\"attachment-full size-full\" alt=\"Check-ups\" srcset=\"https:\/\/laborali.com.br\/wp-content\/uploads\/2024\/04\/image-10.jpg 1279w, https:\/\/laborali.com.br\/wp-content\/uploads\/2024\/04\/image-10-300x200.jpg 300w, https:\/\/laborali.com.br\/wp-content\/uploads\/2024\/04\/image-10-1024x683.jpg 1024w, https:\/\/laborali.com.br\/wp-content\/uploads\/2024\/04\/image-10-768x512.jpg 768w, https:\/\/laborali.com.br\/wp-content\/uploads\/2024\/04\/image-10-650x434.jpg 650w\" sizes=\"(max-width: 1279px) 100vw, 1279px\" \/>\n            \n        <\/div>\n                        <div class=\"bdt-ep-static-carousel-content\">\n                                                                        <h3                class=\"bdt-ep-static-carousel-title\">\n                Check-ups                            <\/h3>\n                                                    <div class=\"bdt-ep-static-carousel-text\">\n                <p>Cuide da sua sa\u00fade com nossos check-ups, avaliando sua condi\u00e7\u00e3o geral e identificando poss\u00edveis problemas de forma precoce. Priorize o bem-estar e viva com mais qualidade.<\/p>            <\/div>\n                                                    <div class=\"bdt-ep-static-carousel-readmore-wrap\">\n                <a class=\"bdt-ep-static-carousel-readmore \" href=\"https:\/\/wa.me\/5549999355445\">\n                    Agendar exame                                            <span class=\"bdt-button-icon-align-right\">\n                            <i aria-hidden=\"true\" class=\"fa-fw ti ti-arrow-right\"><\/i>                        <\/span>\n                                    <\/a>\n            <\/div>\n                            <\/div>\n\n                            <\/div>\n                    <div class=\"bdt-ep-static-carousel-item swiper-slide\">\n                        <div class=\"bdt-ep-static-carousel-image bdt-ep-static-carousel-image\">\n\n            <img loading=\"lazy\" decoding=\"async\" width=\"1279\" height=\"853\" src=\"https:\/\/laborali.com.br\/wp-content\/uploads\/2024\/04\/image-12.jpg\" class=\"attachment-full size-full\" alt=\"Sexagem fetal\" srcset=\"https:\/\/laborali.com.br\/wp-content\/uploads\/2024\/04\/image-12.jpg 1279w, https:\/\/laborali.com.br\/wp-content\/uploads\/2024\/04\/image-12-300x200.jpg 300w, https:\/\/laborali.com.br\/wp-content\/uploads\/2024\/04\/image-12-1024x683.jpg 1024w, https:\/\/laborali.com.br\/wp-content\/uploads\/2024\/04\/image-12-768x512.jpg 768w, https:\/\/laborali.com.br\/wp-content\/uploads\/2024\/04\/image-12-650x434.jpg 650w\" sizes=\"(max-width: 1279px) 100vw, 1279px\" \/>\n            \n        <\/div>\n                        <div class=\"bdt-ep-static-carousel-content\">\n                                                                        <h3                class=\"bdt-ep-static-carousel-title\">\n                Sexagem fetal                            <\/h3>\n                                                    <div class=\"bdt-ep-static-carousel-text\">\n                <p>Descubra o sexo do seu beb\u00ea de maneira segura e precoce com a sexagem fetal. Uma forma emocionante de se conectar com o novo membro da fam\u00edlia antes mesmo do nascimento.<\/p>            <\/div>\n                                                    <div class=\"bdt-ep-static-carousel-readmore-wrap\">\n                <a class=\"bdt-ep-static-carousel-readmore \" href=\"https:\/\/wa.me\/5549999355445\">\n                    Agendar exame                                            <span class=\"bdt-button-icon-align-right\">\n                            <i aria-hidden=\"true\" class=\"fa-fw ti ti-arrow-right\"><\/i>                        <\/span>\n                                    <\/a>\n            <\/div>\n                            <\/div>\n\n                            <\/div>\n                    <div class=\"bdt-ep-static-carousel-item swiper-slide\">\n                        <div class=\"bdt-ep-static-carousel-image bdt-ep-static-carousel-image bdt-ep-static-carousel-image\">\n\n            <img loading=\"lazy\" decoding=\"async\" width=\"1280\" height=\"853\" src=\"https:\/\/laborali.com.br\/wp-content\/uploads\/2024\/04\/Pezinho.jpg\" class=\"attachment-full size-full\" alt=\"Teste do pezinho\" srcset=\"https:\/\/laborali.com.br\/wp-content\/uploads\/2024\/04\/Pezinho.jpg 1280w, https:\/\/laborali.com.br\/wp-content\/uploads\/2024\/04\/Pezinho-300x200.jpg 300w, https:\/\/laborali.com.br\/wp-content\/uploads\/2024\/04\/Pezinho-1024x682.jpg 1024w, https:\/\/laborali.com.br\/wp-content\/uploads\/2024\/04\/Pezinho-768x512.jpg 768w, https:\/\/laborali.com.br\/wp-content\/uploads\/2024\/04\/Pezinho-650x433.jpg 650w\" sizes=\"(max-width: 1280px) 100vw, 1280px\" \/>\n            \n        <\/div>\n                        <div class=\"bdt-ep-static-carousel-content\">\n                                                                        <h3                class=\"bdt-ep-static-carousel-title\">\n                Teste do pezinho                            <\/h3>\n                                                    <div class=\"bdt-ep-static-carousel-text\">\n                <p>Proporcione um in\u00edcio saud\u00e1vel para seu beb\u00ea com o teste do pezinho, detectando precocemente condi\u00e7\u00f5es gen\u00e9ticas e metab\u00f3licas.\u00a0<\/p>            <\/div>\n                                                    <div class=\"bdt-ep-static-carousel-readmore-wrap\">\n                <a class=\"bdt-ep-static-carousel-readmore \" href=\"https:\/\/wa.me\/5549999355445\">\n                    Agendar exame                                            <span class=\"bdt-button-icon-align-right\">\n                            <i aria-hidden=\"true\" class=\"fa-fw ti ti-arrow-right\"><\/i>                        <\/span>\n                                    <\/a>\n            <\/div>\n                            <\/div>\n\n                            <\/div>\n                    <div class=\"bdt-ep-static-carousel-item swiper-slide\">\n                        <div class=\"bdt-ep-static-carousel-image bdt-ep-static-carousel-image bdt-ep-static-carousel-image bdt-ep-static-carousel-image\">\n\n            <img loading=\"lazy\" decoding=\"async\" width=\"907\" height=\"605\" src=\"https:\/\/laborali.com.br\/wp-content\/uploads\/2024\/04\/paternidade.webp\" class=\"attachment-full size-full\" alt=\"Teste de paternidade\" srcset=\"https:\/\/laborali.com.br\/wp-content\/uploads\/2024\/04\/paternidade.webp 907w, https:\/\/laborali.com.br\/wp-content\/uploads\/2024\/04\/paternidade-300x200.webp 300w, https:\/\/laborali.com.br\/wp-content\/uploads\/2024\/04\/paternidade-768x512.webp 768w, https:\/\/laborali.com.br\/wp-content\/uploads\/2024\/04\/paternidade-650x434.webp 650w\" sizes=\"(max-width: 907px) 100vw, 907px\" \/>\n            \n        <\/div>\n                        <div class=\"bdt-ep-static-carousel-content\">\n                                                                        <h3                class=\"bdt-ep-static-carousel-title\">\n                Teste de paternidade                            <\/h3>\n                                                    <div class=\"bdt-ep-static-carousel-text\">\n                <p>Para respostas seguras em quest\u00f5es familiares, conte com nosso teste de paternidade. Precis\u00e3o e discri\u00e7\u00e3o para fortalecer la\u00e7os e construir rela\u00e7\u00f5es baseadas na verdade.<\/p>            <\/div>\n                                                    <div class=\"bdt-ep-static-carousel-readmore-wrap\">\n                <a class=\"bdt-ep-static-carousel-readmore \" href=\"https:\/\/wa.me\/5549999355445\">\n                    Agendar exame                                            <span class=\"bdt-button-icon-align-right\">\n                            <i aria-hidden=\"true\" class=\"fa-fw ti ti-arrow-right\"><\/i>                        <\/span>\n                                    <\/a>\n            <\/div>\n                            <\/div>\n\n                            <\/div>\n        \t\t<\/div>\n\t\t\t\t<\/div>\n\n\t\t\t\t\t\t\t<div class=\"bdt-position-z-index bdt-position-center\">\n\t\t\t<div class=\"bdt-arrows-dots-container bdt-slidenav-container \">\n\n\t\t\t\t<div class=\"bdt-flex bdt-flex-middle\">\n\t\t\t\t\t<div class=\"bdt-visible@m\">\n\t\t\t\t\t\t<div class=\"bdt-navigation-prev bdt-slidenav-previous bdt-icon bdt-slidenav\">\n\t\t\t\t\t\t\t<i class=\"ep-icon-arrow-left-0\" aria-hidden=\"true\"><\/i>\n\t\t\t\t\t\t<\/div>\n\t\t\t\t\t<\/div>\n\n\t\t\t\t\t\n\t\t\t\t\t<div class=\"bdt-visible@m\">\n\t\t\t\t\t\t<div class=\"bdt-navigation-next bdt-slidenav-next bdt-icon bdt-slidenav\">\n\t\t\t\t\t\t\t<i class=\"ep-icon-arrow-right-0\" aria-hidden=\"true\"><\/i>\n\t\t\t\t\t\t<\/div>\n\t\t\t\t\t<\/div>\n\n\t\t\t\t<\/div>\n\t\t\t<\/div>\n\t\t<\/div>\n\t\t\t\t\t\t\t\t<div class=\"bdt-position-z-index bdt-position-bottom\">\n\t\t\t\t\t<div class=\"bdt-dots-container\">\n\t\t\t\t\t\t<div class=\"swiper-pagination\"><\/div>\n\t\t\t\t\t<\/div>\n\t\t\t\t<\/div>\n\t\t\t\t\t\n\t\t<\/div>\n\n\t\t<\/div>\n\t\t\t\t<\/div>\n\t\t\t\t<\/div>\n\t\t\t\t\t<\/div>\n\t\t\t\t<\/div>\n\t\t<div class=\"elementor-element elementor-element-f57d5c7 e-flex e-con-boxed e-con e-parent\" data-id=\"f57d5c7\" data-element_type=\"container\">\n\t\t\t\t\t<div class=\"e-con-inner\">\n\t\t<div class=\"elementor-element elementor-element-2e04c52 e-con-full e-flex elementor-invisible e-con e-child\" data-id=\"2e04c52\" data-element_type=\"container\" data-settings=\"{&quot;background_background&quot;:&quot;classic&quot;,&quot;animation&quot;:&quot;fadeInUp&quot;}\">\n\t\t\t\t<div class=\"elementor-element elementor-element-f0a3445 elementor-widget elementor-widget-image\" data-id=\"f0a3445\" data-element_type=\"widget\" data-widget_type=\"image.default\">\n\t\t\t\t<div class=\"elementor-widget-container\">\n\t\t\t\t\t\t\t\t\t\t\t\t\t<img loading=\"lazy\" decoding=\"async\" width=\"1000\" height=\"1000\" src=\"https:\/\/laborali.com.br\/wp-content\/uploads\/2024\/06\/Logo-rosa.svg\" class=\"attachment-large size-large wp-image-733\" alt=\"\" srcset=\"https:\/\/laborali.com.br\/wp-content\/uploads\/\/2024\/06\/Logo-rosa.svg 150w, https:\/\/laborali.com.br\/wp-content\/uploads\/\/2024\/06\/Logo-rosa.svg 300w, https:\/\/laborali.com.br\/wp-content\/uploads\/\/2024\/06\/Logo-rosa.svg 1024w\" sizes=\"(max-width: 1000px) 100vw, 1000px\" \/>\t\t\t\t\t\t\t\t\t\t\t\t\t<\/div>\n\t\t\t\t<\/div>\n\t\t\t\t<div class=\"elementor-element elementor-element-279e1bf elementor-widget elementor-widget-heading\" data-id=\"279e1bf\" data-element_type=\"widget\" data-widget_type=\"heading.default\">\n\t\t\t\t<div class=\"elementor-widget-container\">\n\t\t\t<h2 class=\"elementor-heading-title elementor-size-default\">Agende seus exames agora mesmo<\/h2>\t\t<\/div>\n\t\t\t\t<\/div>\n\t\t\t\t<div class=\"elementor-element elementor-element-8f7bfeb elementor-widget elementor-widget-text-editor\" data-id=\"8f7bfeb\" data-element_type=\"widget\" data-widget_type=\"text-editor.default\">\n\t\t\t\t<div class=\"elementor-widget-container\">\n\t\t\t\t\t\t\t<p>Entre em contato e experimente a conveni\u00eancia de um servi\u00e7o de sa\u00fade que se adapta ao seu estilo de vida!&#8221;<\/p>\t\t\t\t\t\t<\/div>\n\t\t\t\t<\/div>\n\t\t\t\t<div class=\"elementor-element elementor-element-0138b55 elementor-mobile-align-justify elementor-align-center elementor-widget elementor-widget-bdt-advanced-button\" data-id=\"0138b55\" data-element_type=\"widget\" data-widget_type=\"bdt-advanced-button.default\">\n\t\t\t\t<div class=\"elementor-widget-container\">\n\t\t\t\t\t<div class=\"bdt-ep-button-wrapper\">\n\t\t\t<a href=\"https:\/\/wa.me\/5549999355445\" class=\"bdt-ep-button bdt-ep-button-effect-a bdt-ep-button-size-md\">\n\t\t\t\t\t\t<div class=\"bdt-ep-button-content-wrapper bdt-flex bdt-flex-middle bdt-flex-center  \" data-text=\"Agende seus exames\">\n\t\t\t\t\t\t\t<div class=\"bdt-ep-button-icon bdt-flex-center bdt-flex-align-right\">\n\t\t\t\t\t<div class=\"bdt-ep-button-icon-inner\">\n\n\t\t\t\t\t\t<svg aria-hidden=\"true\" class=\"fa-fw e-font-icon-svg e-fab-whatsapp\" viewBox=\"0 0 448 512\" xmlns=\"http:\/\/www.w3.org\/2000\/svg\"><path d=\"M380.9 97.1C339 55.1 283.2 32 223.9 32c-122.4 0-222 99.6-222 222 0 39.1 10.2 77.3 29.6 111L0 480l117.7-30.9c32.4 17.7 68.9 27 106.1 27h.1c122.3 0 224.1-99.6 224.1-222 0-59.3-25.2-115-67.1-157zm-157 341.6c-33.2 0-65.7-8.9-94-25.7l-6.7-4-69.8 18.3L72 359.2l-4.4-7c-18.5-29.4-28.2-63.3-28.2-98.2 0-101.7 82.8-184.5 184.6-184.5 49.3 0 95.6 19.2 130.4 54.1 34.8 34.9 56.2 81.2 56.1 130.5 0 101.8-84.9 184.6-186.6 184.6zm101.2-138.2c-5.5-2.8-32.8-16.2-37.9-18-5.1-1.9-8.8-2.8-12.5 2.8-3.7 5.6-14.3 18-17.6 21.8-3.2 3.7-6.5 4.2-12 1.4-32.6-16.3-54-29.1-75.5-66-5.7-9.8 5.7-9.1 16.3-30.3 1.8-3.7.9-6.9-.5-9.7-1.4-2.8-12.5-30.1-17.1-41.2-4.5-10.8-9.1-9.3-12.5-9.5-3.2-.2-6.9-.2-10.6-.2-3.7 0-9.7 1.4-14.8 6.9-5.1 5.6-19.4 19-19.4 46.3 0 27.3 19.9 53.7 22.6 57.4 2.8 3.7 39.1 59.7 94.8 83.8 35.2 15.2 49 16.5 66.6 13.9 10.7-1.6 32.8-13.4 37.4-26.4 4.6-13 4.6-24.1 3.2-26.4-1.3-2.5-5-3.9-10.5-6.6z\"><\/path><\/svg>\n\t\t\t\t\t<\/div>\n\t\t\t\t<\/div>\n\t\t\t\n\t\t\t<div class=\"bdt-ep-button-text\">\n\n\t\t\t\t<span class=\"avdbtn-text\">\n\t\t\t\t\tAgende seus exames\t\t\t\t<\/span>\n\n\t\t\t\t\t\t\t<\/div>\n\n\t\t\t\n\t\t<\/div>\n\t\t\t\t\t<\/a>\n\t\t<\/div>\n\t\t\t\t<\/div>\n\t\t\t\t<\/div>\n\t\t\t\t<\/div>\n\t\t\t\t\t<\/div>\n\t\t\t\t<\/div>\n\t\t\t\t<\/div>\n\t\t","protected":false},"excerpt":{"rendered":"<p>Alguns dos nossos testes e exames Oferecemos uma ampla gama de exames cl\u00ednicos de alta qualidade para atender \u00e0s necessidades de diagn\u00f3stico [&hellip;]<\/p>\n","protected":false},"author":1,"featured_media":0,"parent":0,"menu_order":0,"comment_status":"closed","ping_status":"closed","template":"","meta":{"footnotes":""},"class_list":["post-837","page","type-page","status-publish","hentry"],"_links":{"self":[{"href":"https:\/\/laborali.com.br\/index.php\/wp-json\/wp\/v2\/pages\/837","targetHints":{"allow":["GET"]}}],"collection":[{"href":"https:\/\/laborali.com.br\/index.php\/wp-json\/wp\/v2\/pages"}],"about":[{"href":"https:\/\/laborali.com.br\/index.php\/wp-json\/wp\/v2\/types\/page"}],"author":[{"embeddable":true,"href":"https:\/\/laborali.com.br\/index.php\/wp-json\/wp\/v2\/users\/1"}],"replies":[{"embeddable":true,"href":"https:\/\/laborali.com.br\/index.php\/wp-json\/wp\/v2\/comments?post=837"}],"version-history":[{"count":10,"href":"https:\/\/laborali.com.br\/index.php\/wp-json\/wp\/v2\/pages\/837\/revisions"}],"predecessor-version":[{"id":848,"href":"https:\/\/laborali.com.br\/index.php\/wp-json\/wp\/v2\/pages\/837\/revisions\/848"}],"wp:attachment":[{"href":"https:\/\/laborali.com.br\/index.php\/wp-json\/wp\/v2\/media?parent=837"}],"curies":[{"name":"wp","href":"https:\/\/api.w.org\/{rel}","templated":true}]}}